{"id":364,"date":"2024-12-30T19:19:32","date_gmt":"2024-12-30T16:19:32","guid":{"rendered":"https:\/\/upperinc.com\/previews\/wp\/raven\/multipage\/?page_id=364"},"modified":"2025-03-13T11:10:40","modified_gmt":"2025-03-13T08:10:40","slug":"utts","status":"publish","type":"page","link":"https:\/\/7kitadagitim.com\/index.php\/utts\/","title":{"rendered":"UTTS"},"content":{"rendered":"<p>[vc_row][vc_column][vc_column_text]<span style=\"vertical-align: inherit;\"><span style=\"vertical-align: inherit;\"><span style=\"vertical-align: inherit;\"><span style=\"vertical-align: inherit;\"><span style=\"vertical-align: inherit;\"><span style=\"vertical-align: inherit;\"><span style=\"vertical-align: inherit;\"><span style=\"vertical-align: inherit;\"><span style=\"vertical-align: inherit;\"><span style=\"vertical-align: inherit;\">[\/vc_column_text][\/vc_column][\/vc_row][vc_row css=&#8221;.vc_custom_1500929102403{margin-top: 100px !important;}&#8221;][vc_column width=&#8221;1\/3&#8243; el_class=&#8221;wide-box-mobile&#8221;][vc_column_text]<\/span><\/span><\/span><\/span><\/span><\/span><\/span><\/span><\/span><\/span><\/p>\n<h2 class=\"extra-large-font\"><span style=\"font-weight: 100;\">UTTS<\/span><br \/>\nBA\u015eVURU<br \/>\n<span style=\"font-weight: 100;\">VE B\u0130LG\u0130\u00a0<\/span><br \/>\n<span style=\"color: #21a7d3;\">ALMA<\/span><\/h2>\n<p>[\/vc_column_text][vc_empty_space height=&#8221;40px&#8221; el_class=&#8221;ileti\u015fim formu&#8221;]\n<div class=\"wpcf7 no-js\" id=\"wpcf7-f12449-o1\" lang=\"tr-TR\" dir=\"ltr\" data-wpcf7-id=\"12449\">\n<div class=\"screen-reader-response\"><p role=\"status\" aria-live=\"polite\" aria-atomic=\"true\"><\/p> <ul><\/ul><\/div>\n<form action=\"\/index.php\/wp-json\/wp\/v2\/pages\/364#wpcf7-f12449-o1\" method=\"post\" class=\"wpcf7-form init\" aria-label=\"\u0130leti\u015fim Formu\" novalidate=\"novalidate\" data-status=\"init\">\n<fieldset class=\"hidden-fields-container\"><input type=\"hidden\" name=\"_wpcf7\" value=\"12449\" \/><input type=\"hidden\" name=\"_wpcf7_version\" value=\"6.1.1\" \/><input type=\"hidden\" name=\"_wpcf7_locale\" value=\"tr_TR\" \/><input type=\"hidden\" name=\"_wpcf7_unit_tag\" value=\"wpcf7-f12449-o1\" \/><input type=\"hidden\" name=\"_wpcf7_container_post\" value=\"0\" \/><input type=\"hidden\" name=\"_wpcf7_posted_data_hash\" value=\"\" \/>\n<\/fieldset>\n<p>Bu mail 7k\u0131ta Da\u011f\u0131t\u0131m Petrolc\u00fcl\u00fck Ve Pazarlama A.\u015e web sitesi \u00fczerinden ileti\u015fim formu ile g\u00f6nderilmi\u015ftir.\n<\/p>\n<p><label> Ad\u0131n\u0131z - soyad\u0131n\u0131z<br \/>\n<span class=\"wpcf7-form-control-wrap\" data-name=\"your-name\"><input size=\"40\" maxlength=\"400\" class=\"wpcf7-form-control wpcf7-text wpcf7-validates-as-required\" autocomplete=\"name\" aria-required=\"true\" aria-invalid=\"false\" value=\"\" type=\"text\" name=\"your-name\" \/><\/span> <\/label>\n<\/p>\n<p><label> E-posta adresiniz<br \/>\n<span class=\"wpcf7-form-control-wrap\" data-name=\"your-email\"><input size=\"40\" maxlength=\"400\" class=\"wpcf7-form-control wpcf7-email wpcf7-validates-as-required wpcf7-text wpcf7-validates-as-email\" autocomplete=\"email\" aria-required=\"true\" aria-invalid=\"false\" value=\"\" type=\"email\" name=\"your-email\" \/><\/span> <\/label>\n<\/p>\n<p><label> Konu<br \/>\n<span class=\"wpcf7-form-control-wrap\" data-name=\"your-subject\"><input size=\"40\" maxlength=\"400\" class=\"wpcf7-form-control wpcf7-text wpcf7-validates-as-required\" aria-required=\"true\" aria-invalid=\"false\" value=\"\" type=\"text\" name=\"your-subject\" \/><\/span> <\/label>\n<\/p>\n<p><label> \u0130letiniz (tercihe ba\u011fl\u0131)<br \/>\n<span class=\"wpcf7-form-control-wrap\" data-name=\"your-message\"><textarea cols=\"40\" rows=\"10\" maxlength=\"2000\" class=\"wpcf7-form-control wpcf7-textarea\" aria-invalid=\"false\" name=\"your-message\"><\/textarea><\/span> <\/label>\n<\/p>\n<p><input class=\"wpcf7-form-control wpcf7-submit has-spinner\" type=\"submit\" value=\"G\u00f6nder\" \/>\n<\/p><div class=\"wpcf7-response-output\" aria-hidden=\"true\"><\/div>\n<\/form>\n<\/div>\n[vc_empty_space height=&#8221;20px&#8221;][vc_single_image image=&#8221;12349&#8243;][\/vc_column][vc_column width=&#8221;2\/3&#8243; el_class=&#8221;wide-box-mobile&#8221;]<div class=\"aio-icon-component    style_1\"><div id=\"Info-box-wrap-1178\" class=\"aio-icon-box left-icon\" style=\"\"  ><div class=\"aio-ibd-block\"><div class=\"aio-icon-header\" ><h3 class=\"aio-icon-title ult-responsive\"  data-ultimate-target='#Info-box-wrap-1178 .aio-icon-title'  data-responsive-json-new='{\"font-size\":\"desktop:18px;\",\"line-height\":\"\"}'  style=\"font-family:&#039;Poppins&#039;;font-weight:600;color:#2e2e2e;\">UTTS NED\u0130R<\/h3><\/div> <!-- header --><div class=\"aio-icon-description ult-responsive\"  data-ultimate-target='#Info-box-wrap-1178 .aio-icon-description'  data-responsive-json-new='{\"font-size\":\"\",\"line-height\":\"\"}'  style=\"\">Kay\u0131t d\u0131\u015f\u0131 ekonomi ile etkin bir \u015fekilde m\u00fccadele edilmesi amac\u0131yla, akaryak\u0131t harcamas\u0131n\u0131 muhasebe kay\u0131tlar\u0131nda gider olarak g\u00f6steren t\u00fcm ticari ta\u015f\u0131t sahiplerinin, Darphane\u2019nin yetki verdi\u011fi ve utts.gov.tr internet adresinde yay\u0131nlanacak Ta\u015f\u0131t Montaj Firmalar\u0131\u2019ndan temin ederek ta\u015f\u0131tlar\u0131n yak\u0131t depo giri\u015fi \u00fczerine takt\u0131racaklar\u0131 Ta\u015f\u0131t Tan\u0131ma Birimi (TTB) ile ta\u015f\u0131t plaka bilgisinin elle giri\u015fine olanak vermeksizin, yeni nesil akaryak\u0131t pompa \u00f6deme kaydedici cihazlar\u0131na (YN Pompa \u00d6KC) otomatik olarak g\u00f6nderilmesini sa\u011flayacak bir sistemdir.<\/div> <!-- description --><\/div> <!-- aio-ibd-block --><\/div> <!-- aio-icon-box --><\/div> <!-- aio-icon-component --><div class=\"aio-icon-component    style_1\"><div id=\"Info-box-wrap-9321\" class=\"aio-icon-box left-icon\" style=\"\"  ><div class=\"aio-ibd-block\"><div class=\"aio-icon-header\" ><h3 class=\"aio-icon-title ult-responsive\"  data-ultimate-target='#Info-box-wrap-9321 .aio-icon-title'  data-responsive-json-new='{\"font-size\":\"desktop:18px;\",\"line-height\":\"\"}'  style=\"font-family:&#039;Poppins&#039;;font-weight:600;color:#2e2e2e;\">UTTS Hangi Ta\u015f\u0131tlar\u0131 Kapsamaktad\u0131r?<\/h3><\/div> <!-- header --><div class=\"aio-icon-description ult-responsive\"  data-ultimate-target='#Info-box-wrap-9321 .aio-icon-description'  data-responsive-json-new='{\"font-size\":\"\",\"line-height\":\"\"}'  style=\"\"><\/p>\n<ul>\n<li>Akaryak\u0131t harcamas\u0131n\u0131 muhasebe kay\u0131tlar\u0131nda gider olarak g\u00f6steren her vergi m\u00fckellefi, ticari ama\u00e7l\u0131 kulland\u0131\u011f\u0131 her ta\u015f\u0131ta Darphane\u2019nin verece\u011fi Ta\u015f\u0131t Tan\u0131ma Birimi (TTB) cihaz\u0131n\u0131 31 Aral\u0131k 2024 tarihine kadar takt\u0131rmakla y\u00fck\u00fcml\u00fcd\u00fcr.<\/li>\n<li><b>01 Temmuz2025 tarihinden itibaren<\/b>\u00a0sat\u0131n al\u0131nacak\u00a0<b>hem bireysel hem ticari t\u00fcm s\u0131f\u0131r ta\u015f\u0131tlara<\/b>\u00a0UTTS\u2019ye dahil olma ve bu sistem kapsam\u0131nda TTB takt\u0131rma zorunlulu\u011fu getirilmi\u015ftir.<\/li>\n<li><b>Halihaz\u0131rda Ta\u015f\u0131t Tan\u0131ma Sistemlerine dahil olan t\u00fcm bireysel ta\u015f\u0131tlar\u0131n<\/b>\u00a0<b>da 30 Haziran 2025\u2019<\/b>e kadar TTB takt\u0131rma zorunlulu\u011fu getirilmi\u015ftir..<\/li>\n<\/ul>\n<p><a class=\"aio-icon-read xx\" href=\"https:\/\/www.utts.gov.tr\/\" title=\"https:\/\/www.utts.gov.tr\/\" >utts.gov.tr&nbsp;&raquo;<\/a><\/div> <!-- description --><\/div> <!-- aio-ibd-block --><\/div> <!-- aio-icon-box --><\/div> <!-- aio-icon-component --><div class=\"aio-icon-component    style_1\"><div id=\"Info-box-wrap-7326\" class=\"aio-icon-box left-icon\" style=\"\"  ><div class=\"aio-ibd-block\"><div class=\"aio-icon-header\" ><h3 class=\"aio-icon-title ult-responsive\"  data-ultimate-target='#Info-box-wrap-7326 .aio-icon-title'  data-responsive-json-new='{\"font-size\":\"desktop:18px;\",\"line-height\":\"\"}'  style=\"font-family:&#039;Poppins&#039;;font-weight:600;color:#2e2e2e;\">UTTS Donan\u0131m Montaj \u0130\u015flemleri Nas\u0131l Yap\u0131lacakt\u0131r?<\/h3><\/div> <!-- header --><div class=\"aio-icon-description ult-responsive\"  data-ultimate-target='#Info-box-wrap-7326 .aio-icon-description'  data-responsive-json-new='{\"font-size\":\"\",\"line-height\":\"\"}'  style=\"\">Akaryak\u0131t istasyonu i\u015fleten m\u00fckellefler ve TTB kapsam\u0131ndaki ta\u015f\u0131tlar\u0131 i\u015fleten m\u00fckellefler, UTTS Portal\u0131na kaydolacaklar ve montaj taleplerini UTTS platformu \u00fczerinden Darphane\u2019ye bildireceklerdir. Yetkili Montaj Firmalar\u0131 Darphane\u2019den temin edecekleri UTTS donan\u0131mlar\u0131n\u0131 ta\u015f\u0131tlara ve akaryak\u0131t istasyonlar\u0131na monte edeceklerdir. Bu montaj firmalar\u0131 Darphane taraf\u0131ndan yetkilendirilecektir.<\/p>\n<p>Yetkili Montaj Firmalar\u0131n\u0131n listesi ve cihaz maliyeti\u00a0<b><a class=\" clickable cursor-pointer underline\" href=\"https:\/\/www.utts.gov.tr\/\" target=\"_blank\" rel=\"noopener\"><span class=\"space-x-1\">UTTS<\/span><\/a><\/b><\/p>\n<div aria-hidden=\"true\">\n<div id=\"_11\" class=\"w-full h-full \"><\/div>\n<\/div>\n<p><b>\u00a0<\/b>web sayfas\u0131nda yay\u0131nlanm\u0131\u015ft\u0131r.<a class=\"aio-icon-read xx\" href=\"https:\/\/www.utts.gov.tr\/\" title=\"utts.gov.tr\" >utts.gov.tr&nbsp;&raquo;<\/a><\/div> <!-- description --><\/div> <!-- aio-ibd-block --><\/div> <!-- aio-icon-box --><\/div> <!-- aio-icon-component --><div class=\"aio-icon-component    style_1\"><div id=\"Info-box-wrap-2759\" class=\"aio-icon-box left-icon\" style=\"\"  ><div class=\"aio-ibd-block\"><div class=\"aio-icon-header\" ><h3 class=\"aio-icon-title ult-responsive\"  data-ultimate-target='#Info-box-wrap-2759 .aio-icon-title'  data-responsive-json-new='{\"font-size\":\"desktop:18px;\",\"line-height\":\"\"}'  style=\"font-family:&#039;Poppins&#039;;font-weight:600;color:#2e2e2e;\">utts.gov.tr den ba\u015fvuru yapt\u0131ktan sonra ne yapmal\u0131y\u0131m<\/h3><\/div> <!-- header --><div class=\"aio-icon-description ult-responsive\"  data-ultimate-target='#Info-box-wrap-2759 .aio-icon-description'  data-responsive-json-new='{\"font-size\":\"\",\"line-height\":\"\"}'  style=\"\">utts.gov.tr den ba\u015fvuru yapt\u0131ktan sonra T\u0130M ve TTO sipari\u015fi i\u00e7in yetkili firmadan sipari\u015f vermeniz gerekmektedir. alttaki butona t\u0131klayarak ipari\u015f ekran\u0131na gidebilirsiniz.<a class=\"aio-icon-read xx\" href=\"https:\/\/utts.petronetotomasyon.com\/Basvuru\" title=\"petronet T\u0130M VE TTO ba\u015fvuru ekran\u0131\" target=\"_blank\" rel=\"noopener\" >petronet T\u0130M VE TTO ba\u015fvuru ekran\u0131&nbsp;&raquo;<\/a><\/div> <!-- description --><\/div> <!-- aio-ibd-block --><\/div> <!-- aio-icon-box --><\/div> <!-- aio-icon-component --><div class=\"aio-icon-component    style_1\"><div id=\"Info-box-wrap-7908\" class=\"aio-icon-box left-icon\" style=\"\"  ><div class=\"aio-ibd-block\"><div class=\"aio-icon-header\" ><h3 class=\"aio-icon-title ult-responsive\"  data-ultimate-target='#Info-box-wrap-7908 .aio-icon-title'  data-responsive-json-new='{\"font-size\":\"desktop:18px;\",\"line-height\":\"\"}'  style=\"font-family:&#039;Poppins&#039;;font-weight:600;color:#2e2e2e;\">yapamad\u0131\u011f\u0131m zaman ne yapmal\u0131y\u0131m ?<\/h3><\/div> <!-- header --><div class=\"aio-icon-description ult-responsive\"  data-ultimate-target='#Info-box-wrap-7908 .aio-icon-description'  data-responsive-json-new='{\"font-size\":\"\",\"line-height\":\"\"}'  style=\"\">ba\u015fvurular\u0131 yapamad\u0131\u011f\u0131n\u0131z zaman ise soldaki\u00a0 ileti\u015fim formunu doldurup bize iletibilirsiniz veya ekledi\u011fim linke t\u0131klayarak y\u00f6netim sayfas\u0131ndan bize ula\u015fabilirsiniz.<a class=\"aio-icon-read xx\" href=\"https:\/\/7kitadagitim.com\/index.php\/yonetim\/\" title=\"Y\u00f6netim\" target=\"_blank\" rel=\"noopener\" >ula\u015f\u0131lacak ki\u015fi&nbsp;&raquo;<\/a><\/div> <!-- description --><\/div> <!-- aio-ibd-block --><\/div> <!-- aio-icon-box --><\/div> <!-- aio-icon-component -->[\/vc_column][\/vc_row]<\/p>\n","protected":false},"excerpt":{"rendered":"<p>[vc_row][vc_column][vc_column_text][\/vc_column_text][\/vc_column][\/vc_row][vc_row css=&#8221;.vc_custom_1500929102403{margin-top: 100px !important;}&#8221;][vc_column width=&#8221;1\/3&#8243; el_class=&#8221;wide-box-mobile&#8221;][vc_column_text] UTTS BA\u015eVURU VE B\u0130LG\u0130\u00a0 ALMA [\/vc_column_text][vc_empty_space height=&#8221;40px&#8221; el_class=&#8221;ileti\u015fim formu&#8221;][vc_empty_space height=&#8221;20px&#8221;][vc_single_image image=&#8221;12349&#8243;][\/vc_column][vc_column width=&#8221;2\/3&#8243; el_class=&#8221;wide-box-mobile&#8221;][\/vc_column][\/vc_row]<\/p>\n","protected":false},"author":1,"featured_media":0,"parent":0,"menu_order":0,"comment_status":"closed","ping_status":"closed","template":"page.php","meta":{"footnotes":""},"class_list":["post-364","page","type-page","status-publish","hentry"],"_links":{"self":[{"href":"https:\/\/7kitadagitim.com\/index.php\/wp-json\/wp\/v2\/pages\/364","targetHints":{"allow":["GET"]}}],"collection":[{"href":"https:\/\/7kitadagitim.com\/index.php\/wp-json\/wp\/v2\/pages"}],"about":[{"href":"https:\/\/7kitadagitim.com\/index.php\/wp-json\/wp\/v2\/types\/page"}],"author":[{"embeddable":true,"href":"https:\/\/7kitadagitim.com\/index.php\/wp-json\/wp\/v2\/users\/1"}],"replies":[{"embeddable":true,"href":"https:\/\/7kitadagitim.com\/index.php\/wp-json\/wp\/v2\/comments?post=364"}],"version-history":[{"count":34,"href":"https:\/\/7kitadagitim.com\/index.php\/wp-json\/wp\/v2\/pages\/364\/revisions"}],"predecessor-version":[{"id":12451,"href":"https:\/\/7kitadagitim.com\/index.php\/wp-json\/wp\/v2\/pages\/364\/revisions\/12451"}],"wp:attachment":[{"href":"https:\/\/7kitadagitim.com\/index.php\/wp-json\/wp\/v2\/media?parent=364"}],"curies":[{"name":"wp","href":"https:\/\/api.w.org\/{rel}","templated":true}]}}